(-5 - -2 - -1). Is ((-12)/(-10))/(k/295) composite?
True
Suppose 5*z + 11905 = -7055. Let f = -2269 - z. Is f a prime number?
True
Let l be -5 + 5 + 6 - 4. Is (-8)/6*(-1845)/24*l prime?
False
Let p = 6792 + 1769. Is p composite?
True
Suppose 0 = 3*n - 6441 - 1395. Suppose -n = -4*l + 4*o, 5*o + 816 = 2*l - 502. Is l prime?
False
Let r(x) = -8136*x**3 + 3*x**2 - 32*x - 63. Is r(-2) a prime number?
True
Let i = 1261 - 864. Is i prime?
True
Suppose -3*l + o = -3*o - 12, -3*o = 4*l + 9. Suppose l = -5*t + 930 - 140. Is t a prime number?
False
Let v = 9570 - 5809. Is v prime?
True
Suppose 2*s - 5*q = -35, 0 = q - 5 - 0. Is 1 + 0 - (s - 3607) a composite number?
False
Let p be (0 + 1)*-1*-18. Is (p/(-12))/(6/(-4468)) composite?
False
Suppose 2*n + 2*k - 4098 = 0, -5*n - 2*k = n - 12302. Is n prime?
False
Let p = 3760 - 2166. Is p prime?
False
Let r be 42/(-63)*9/(-2). Suppose 821 = h + 3*n - 72, -4*h + r*n = -3542. Is h prime?
True
Let j be (-36)/(-16)*(-40)/(-15). Let h = j - 3. Is (-3354)/(-15) - h/5 prime?
True
Suppose -4*c - 4*g + 9463 + 11385 = 0, -5*g - 5182 = -c. Is c a prime number?
False
Let n(x) = -x**2 + 11*x - 15. Let l be n(10). Let b be (2 + l)*(-3 - -2). Suppose -r + b*a + 463 = 5*a, 0 = 5*r + 5*a - 2300. Is r a prime number?
True
Let h = 59 + -1114. Let s = h - -2496. Is s a composite number?
True
Let v = 571 - -1252. Is v prime?
True
Suppose -3*x = x - 60. Let p(z) = x - 1 - 3*z**2 - 9*z + 2*z**2. Is p(-8) a composite number?
True
Suppose -5*s + 17 = -x - 7, -5*s + 20 = -5*x. Let j be 421 + x - (17 - 14). Suppose 0 = -3*z + j - 65. Is z a composite number?
True
Suppose 4*f - f - 15 = 0. Suppose -y - 24 = -4*p, -5*p + 3*y + 30 = f*y. Suppose z - 5*c - 389 = 0, p = -4*c + c. Is z a composite number?
False
Let b(z) = -z**3 - z**2 + 3*z - 1. Let x be b(-3). Let m = x - 16. Is 1*8*(-22)/m composite?
True
Let q = -3 + 6. Is q/18 - (-3489)/18 prime?
False
Let d(u) = -40 - 28 - u**3 + 8*u**2 + 12*u + 52. Let z be d(9). Suppose -3*v + 589 = -z*t + 6*t, 3*v = t + 605. Is v a prime number?
False
Is 10416/2 + -9 + (-140)/(-14) composite?
False
Suppose 6*x - 1488 = 660. Is x/(-3*(-2)/3) composite?
False
Let u(y) = -19*y - 12. Let b(m) = m**2 - 9*m + 9. Let f(q) = -5*q - 14. Let a be f(-4). Let o be b(a). Is u(o) composite?
True
Let m be 1/((-4)/48)*345. Is (2/3)/((-24)/m) a prime number?
False
Let c(q) = -20*q - 17. Let z = 7 + -1. Let n be (-5)/15 + (-70)/z. Is c(n) prime?
True
Let r(m) = 38*m**2 - m - 5. Is r(10) a prime number?
False
Suppose 84*x = 75*x + 303678. Is x prime?
False
Let h(r) = -77*r - 8. Let l be h(-8). Suppose 0*a - l = -2*a. Let m = -170 + a. Is m prime?
False
Suppose 0 = -3*d + 4*m - 14, 3*m - 8*m = -25. Suppose 3*y - d = 7. Is (42 + -14)*y/4 prime?
False
Let t(f) = 8*f**2 + 7*f - 7. Suppose 3*s - 33 = -3. Suppose 0 = 2*w + s, 2*h = -h + 3*w + 33. Is t(h) a composite number?
True
Suppose -4*d + 0*d + 16 = 0. Suppose 4*q = -d*k + 520, -q + 136 = -4*k - k. Is q composite?
False
Suppose -20*c = -13049 - 2371. Is c a composite number?
True
Is 521565/45 + 20/(-15) a prime number?
False
Let x be 266/(-30) - 14/105. Let k = 146 - x. Is k a prime number?
False
Let w(b) = b + 3. Let k be w(-6). Is (-1)/(k/1455)*1 a composite number?
True
Let z = 53255 + -36886. Is z a composite number?
False
Let j(h) = 2*h - 4. Let w be j(3). Suppose c - 1376 = -c. Suppose -3*r + c = -5*a, -3*a + 111 = w*r - 316. Is r prime?
False
Let b = 15692 + -8851. Is b a composite number?
False
Let b(h) = -20 + 25*h - 29*h + 1. Suppose 0*r + 5*r = -65. Is b(r) composite?
True
Is (-1022910)/(-56) + 1/(-4) + -3 prime?
False
Suppose y + 22 = -10*y. Is (-1)/y - 10659/(-34) prime?
False
Suppose -2*y = -2 - 6. Suppose -3212 - 2960 = -y*u. Is u composite?
False
Let u(f) be the first derivative of 32/3*f**3 - 8 + f**2 - f. Is u(2) a composite number?
False
Let z = 5869 - 2706. Is z a composite number?
False
Let c(v) = -v + 203 - 3*v + v - v. Is c(0) a prime number?
False
Let s be 70/(-4) - (-15)/10. Let p = -5 - s. Let j(x) = x**2 - 6. Is j(p) composite?
True
Suppose -63 - 81 = -4*o - 2*s, 4*o + s = 142. Let n = o + -31. Suppose -112 = -n*u - 36. Is u a composite number?
False
Suppose 2*m - 1861 = 5*s - 10*s, -s = -4*m - 381. Is s a composite number?
False
Suppose -37*v + 24*v + 331435 = 0. Is v prime?
False
Let r(m) = 47*m**2 + 4*m - 14. Is r(5) a prime number?
True
Suppose 0 = -5*h + 2*z, -2*z = -h - 15 + 7. Let i be 2*(h - 0)/2. Suppose -298 = -i*q - 0*q. Is q composite?
False
Let j = 35 - 231. Let s = 275 + j. Is s prime?
True
Let a(o) = 14*o + 41. Let t(s) = -5*s - 14. Let k(i) = -6*a(i) - 17*t(i). Let b be k(10). Is b + -3 - 235*-2 a prime number?
False
Suppose h + 1 = 0, -19*u + 23*u - h - 13733 = 0. Is u composite?
False
Let i be 5939/13 + 30/195. Let l = i - -532. Is l composite?
True
Suppose 20*w = 13453 + 290287. Is w a prime number?
True
Let z(a) = 7*a**2 - 13*a - 17. Is z(-5) a composite number?
False
Let r be 7710/(-14) + 2/(-7). Let a = -30 - r. Is a a prime number?
True
Suppose 0 = 2*f + 6*f - 16. Suppose 0 = 5*d - m - 9141, -4*d + f*m = -d - 5479. Is d a prime number?
False
Let r be (-10)/(-4)*92/5. Suppose -u + r = l + 2*l, 138 = 3*u + l. Is (-4)/((-16)/22)*u a prime number?
False
Suppose -22*v + 22316 = 6*v. Is v a prime number?
True
Let a(h) = -h**3 + 9*h**2 - 5. Let n be a(4). Let w = n + -51. Suppose 4*u - 256 = -3*l, -5*l + 138 - w = 2*u. Is u composite?
False
Let d = -21 + 18. Is 393/d*(-2)/2 prime?
True
Suppose 5*j = 1330 + 1560. Suppose 322 = z - 5*v, 5*v + j + 348 = 3*z. Let b = 889 - z. Is b a composite number?
False
Let c = 8185 - -39228. Is c prime?
False
Suppose 16437 = 2*z - j, 3*j + 32872 = 4*z - j. Is z a prime number?
True
Suppose 9651 = y + 5*q - 8613, 2*y = q + 36539. Is y a prime number?
True
Let p be (-7496)/(-20)*25/10. Suppose 5*c = 3182 - p. Is c a composite number?
False
Let k = 16450 + 72321. Is k prime?
True
Let n(w) = 5*w + 18 - 4*w - 2*w + 2*w. Let c be n(-15). Suppose -4*o - 121 = -c*q, -4*q - 3*o = -2*q - 58. Is q a composite number?
True
Suppose -z + v - 37 = 0, 0 = -4*z - 8*v + 3*v - 166. Let u = 42 + z. Is 358 + -4 + u - 2 prime?
False
Suppose -q + 2*w - 2 = 0, -7 = -5*w + 3. Suppose c = -k + 893, 7*c - 3*k = q*c + 4433. Is c a composite number?
True
Suppose 6*r - 4*r = 6, -h + r = -128. Is 0 - (0 - (h + -4)) composite?
False
Let c(s) = 4683*s + 20. Is c(1) prime?
True
Let h(v) = -281*v - 20. Let i(w) = 3*w**3 + 2*w**2 - 2*w - 3. Let s be i(-2). Is h(s) composite?
True
Let f(m) = m**2 + 7*m - 46. Is f(5) a composite number?
True
Let a = -19103 + 29790. Is a composite?
False
Suppose 51*n - 55*n = -15164. Is n a prime number?
False
Let t = 23 - 21. Is (t/6)/((-6)/(-2286)) composite?
False
Suppose 0 = -5*x + 9*x. Suppose 3*w + 94 + 1889 = x. Let r = -460 - w. Is r a prime number?
False
Let q = -9555 - -21698. Is q a prime number?
True
Suppose -9*f + 68809 = 4*f. Is f prime?
False
Let p(v) = -50*v**3 - 3*v**2 - 5*v - 1. Let q be p(-4). Suppose -9*n = -2*n - q. Is n a composite number?
True
Suppose 0 = -2*k + 6*k + 1360. Let b = 568 + k. Let u = b - 85. Is u prime?
False
Let a(y) be the third derivative of 3*y**2 + 1/30*y**5 + 0*y + 1/120*y**6 + 0 - 1/6*y**3 + 1/24*y**4. Is a(6) a composite number?
False
Is (256 + 1)*((52 - 2) + -21) a composite number?
True
Suppose 2*k + 4*c = -20, 5*k = -6*c + 4*c - 42. Let b = -2 - k. Suppose -10 = -2*o, -2*x + b*o = 2*o - 158. Is x a composite number?
False
Let l = 10 - 6. Let j be -9 + -3 + l + 2. Let g(d) = 7*d**2 + 7*d - 5. Is g(j) composite?
True
Let m = 27 - 24. Suppose 1754 = 5*g - m*g. Is g prime?
True
Is 1/(-4) - 1547/(-28) a composite number?
True
Let w(g) = 3*g**3 + 5*g**2 - 17*g - 33. Let a be w(16). Suppose -6*q + 3*q = -a. Is q prime?
True
Let j(n) = -3*n - 63. Let k be j(-21). Let q(v) = -7*v**2 - 7*v - 182. Let z(s) = -10*s**2 - 10*s - 273. Let l(w) = 7*q(w) - 5*z(w). Is l(k) prime?
False
Let a(c) = -2*c**2 - 1 + 7*c**2 + c**2 + 4*c. Let g be (-12 - -9)/(6/(-16)). Is a(g) composite?
True
Let h = -6722 - -17635. Is h a prime number?
False
Let w be (-2007)/27 - (-2)/(-3). Let p = 148 - w. Is p a composite number?
False
Let a be ((-315)/(-60))/(6/128). Suppose n - 73 = a. Is n composite?
True
Suppose -5*v - 134 = -34. Is (((-5)/v)/(2/3032))/1 a composite number?
False
